
Convert 1010111000110110 (base 2) to base 8.
127066
Convert -3023300 (base 4) to base 7.
-53006
What is 9a53 (base 14) in base 10?
26729
-4256 (base 7) to base 3
-2001222
-655 (base 10) to base 15
-2da
What is 444 (base 12) in base 13?
394
Convert 3762 (base 9) to base 7.
11123
-782 (base 16) to base 15
-882
1432 (base 14) to base 2
110111110100
Convert 165 (base 7) to base 3.
10120
-110001100000 (base 2) to base 7
-12144
-313 (base 8) to base 9
-245
What is 3996 (base 12) in base 7?
25140
What is c5 (base 13) in base 4?
2201
What is -1001101110110 (base 2) in base 5?
-124412
What is -162 (base 8) in base 7?
-222
Convert 11100110101110 (base 2) to base 4.
3212232
Convert -2174 (base 10) to base 12.
-1312
What is 111021 (base 3) in base 5?
2413
What is 9aa8 (base 13) in base 8?
52141
Convert -576 (base 11) to base 13.
-40c
What is -10100001001010 (base 2) in base 6?
-115430
Convert -10001002 (base 3) to base 6.
-14132
-357 (base 8) to base 5
-1424
Convert 8372 (base 15) to base 16.
6c86
Convert 366 (base 14) to base 4.
22212
What is -5d78 (base 14) in base 3?
-211110110
Convert -3b91 (base 14) to base 3.
-112102110
-753 (base 16) to base 5
-30000
285d (base 16) to base 7
42061
2 (base 9) to base 7
2
107a (base 12) to base 9
2444
-122100 (base 5) to base 11
-3548
What is 13202 (base 8) in base 9?
7812
What is 2430 (base 8) in base 2?
10100011000
What is 7338 (base 12) in base 6?
134112
19907 (base 12) to base 2
1001001011010111
What is -20121 (base 4) in base 9?
-656
Convert -fe9 (base 16) to base 9.
-5525
What is -101001101 (base 2) in base 9?
-410
Convert 103015 (base 6) to base 16.
20f3
Convert 25 (base 16) to base 6.
101
-10032 (base 6) to base 7
-3560
Convert -2325 (base 11) to base 14.
-1180
Convert -6442 (base 8) to base 9.
-4545
What is 13413 (base 6) in base 9?
2780
-11271 (base 9) to base 2
-1110101011100
Convert 1b5 (base 14) to base 6.
1351
341 (base 9) to base 14
160
Convert 34351 (base 10) to base 16.
862f
Convert -1000001101000 (base 2) to base 16.
-1068
Convert 213472 (base 8) to base 2.
10001011100111010
What is 1b28 (base 14) in base 3?
20202211
5016 (base 9) to base 4
321030
Convert -9bc (base 13) to base 2.
-11010001100
39fc (base 16) to base 8
34774
Convert -321005 (base 7) to base 12.
-281ab
What is 6571 (base 13) in base 9?
21327
1430314 (base 5) to base 15
8da9
What is -1366 (base 7) in base 2?
-1000011010
-134b (base 12) to base 14
-b47
4334 (base 15) to base 16
3790
What is 5ad (base 14) in base 9?
1488
11133 (base 11) to base 13
7459
12612 (base 11) to base 4
10121322
984c (base 15) to base 13
118a7
-1395 (base 11) to base 2
-11100000110
Convert a4 (base 16) to base 5.
1124
e720 (base 15) to base 13
19311
What is -4011 (base 6) in base 2?
-1101100111
2110243 (base 5) to base 7
204153
-5230 (base 6) to base 7
-3261
-2318 (base 11) to base 2
-101111100100
2668 (base 11) to base 13
1764
6224 (base 8) to base 14
1260
Convert 358 (base 15) to base 12.
532
-2000344 (base 5) to base 6
-401045
What is 1000111111010 (base 2) in base 16?
11fa
-461 (base 7) to base 5
-1424
-10111100 (base 4) to base 6
-214052
Convert -20312 (base 4) to base 12.
-3b2
3619 (base 16) to base 9
20887
Convert 111cb (base 13) to base 6.
355542
Convert -19391 (base 10) to base 2.
-100101110111111
What is -12102212 (base 3) in base 13?
-1a60
Convert 1320031 (base 4) to base 6.
55341
-102 (base 13) to base 2
-10101011
What is d01 (base 15) in base 2?
101101101110
Convert -147a (base 16) to base 10.
-5242
Convert -1203 (base 7) to base 3.
-121110
What is 171d (base 14) in base 8?
10057
Convert a70 (base 11) to base 13.
780
What is -34314 (base 5) in base 13?
-1172
-296 (base 15) to base 6
-2423
What is -9056 (base 15) in base 12?
-15760
Convert 1030 (base 6) to base 12.
176
Convert 320222 (base 4) to base 14.
1470
Convert -32909 (base 11) to base 4.
-23221003
Convert -635 (base 11) to base 6.
-3312
What is -45d4 (base 15) in base 16?
-39e8
What is 1111101111111 (base 2) in base 13?
3893
Convert -41 (base 8) to base 2.
-100001
10122000 (base 3) to base 14
d70
799 (base 12) to base 3
1112200
What is 1514 (base 7) in base 15?
29e
11213021 (base 4) to base 13
a601
43d (base 15) to base 2
1110111110
Convert 12223 (base 4) to base 13.
26b
Convert -46b (base 13) to base 3.
-1001100
Convert 1011010010100110 (base 2) to base 4.
23102212
Convert 9b09 (base 12) to base 15.
5130
-195 (base 14) to base 15
-16c
-8cb9 (base 14) to base 3
-1020120012
What is -21b3 (base 15) in base 13?
-3336
-345c (base 13) to base 3
-101002000
Convert -a7f (base 16) to base 7.
-10556
205422 (base 6) to base 9
25025
-4131 (base 6) to base 14
-499
860 (base 9) to base 3
222000
Convert -a18 (base 13) to base 5.
-23321
Convert 2044 (base 16) to base 15.
26aa
What is 10010110 (base 2) in base 9?
176
-590 (base 16) to base 8
-2620
-3738 (base 9) to base 13
-1367
544 (base 16) to base 13
7c9
Convert -2334 (base 6) to base 4.
-20302
-114c4 (base 14) to base 5
-2321431
Convert 634 (base 9) to base 13.
30a
a599 (base 11) to base 3
201020101
Convert -112331 (base 4) to base 16.
-5bd
Convert 2222120010 (base 3) to base 7.
333135
What is -401 (base 9) in base 13?
-1c0
What is -83ae (base 16) in base 7?
-200165
-1000000100110 (base 2) to base 8
-10046
What is -1011101110111010 (base 2) in base 9?
-72827
What is -31002113 (base 4) in base 10?
-53399
What is 3978 (base 11) in base 6?
35531
Convert -201 (base 16) to base 13.
-306
7a32 (base 15) to base 4
12111002
Convert 3233 (base 5) to base 13.
281
Convert -1abb (base 14) to base 4.
-1030011
Convert -10101111101001 (base 2) to base 7.
-44526
21213 (base 4) to base 5
4430
-25dd (base 15) to base 5
-224313
What is 1010111010 (base 2) in base 12?
4a2
1188 (base 14) to base 3
11012100
What is 3331 (base 5) in base 7?
1234
What is -13020 (base 9) in base 5?
-240031
-68 (base 12) to base 16
-50
What is -978 (base 10) in base 15?
-453
10010010101 (base 2) to base 8
2225
What is -313102 (base 5) in base 13?
-4972
-225 (base 13) to base 3
-111200
Convert -851 (base 13) to base 3.
-1221112
5888 (base 9) to base 4
1010111
1444132 (base 5) to base 13
11256
What is -2322 (base 5) in base 10?
-337
What is -797 (base 12) in base 13?
-685
Convert 20123 (base 5) to base 2.
10100001000
60410 (base 9) to base 6
503443
-7788 (base 11) to base 8
-24024
What is -34224 (base 6) in base 9?
-6567
-9b (base 15) to base 7
-266
Convert -26393 (base 10) to base 14.
-9893
Convert 5030 (base 7) to base 5.
23421
Convert 3114 (base 7) to base 9.
1440
What is -21021 (base 5) in base 12?
-976
Convert -43351 (base 6) to base 9.
-8164
Convert b673 (base 15) to base 11.
26a96
-40321 (base 5) to base 6
-15550
What is 29b6 (base 13) in base 3?
22022121
What is -434 (base 13) in base 7?
-2045
What is -564 (base 11) in base 2?
-1010100011
Convert -301 (base 4) to base 2.
-110001
What is -1114 (base 5) in base 13?
-c3
240 (base 13) to base 10
390
What is 223212 (base 4) in base 3?
10211100
Convert 2252 (base 6) to base 4.
20120
What is 1265 (base 8) in base 10?
693
Convert -1717 (base 9) to base 7.
-3553
-596 (base 15) to base 3
-1201220
Convert 335 (base 8) to base 9.
265
Convert c94 (base 13) to base 8.
4145
308 (base 13) to base 15
245
Convert 153 (base 10) to base 6.
413
Convert 57649 (base 10) to base 16.
e131
What is 111011101 (base 2) in base 15?
21c
What is 100100 (base 3) in base 16?
fc
Convert -630 (base 10) to base 2.
-1001110110
Convert 1022021 (base 4) to base 16.
1289
1101110001 (base 2) to base 4
31301
1002210100 (base 3) to base 16
54d5
What is -100101000110 (base 2) in base 15?
-a84
What is 62a (base 13) in base 7?
3030
-362 (base 13) to base 11
-494
1d0 (base 14) to base 4
11322
Convert -122707 (base 9) to base 14.
-1d083
2341 (base 8) to base 2
10011100001
What is -177 (base 15) in base 8?
-521
What is -5204 (base 6) in base 15?
-521
-b2 (base 13) to base 6
-401
What is -bb (base 13) in base 7?
-310
Convert -14076 (base 8) to base 6.
-44422
Convert -14215 (base 9) to base 5.
-302103
What is -33b7 (base 12) in base 14?
-2151
-200 (base 11) to base 15
-112
What is 1068 (base 12) in base 16?
710
What is -7192 (base 10) in base 12?
-41b4
What is -113224 (base 5) in base 2?
-1000001011101
-3003410 (base 5) to base 9
-71856
What is 4705 (base 9) in base 3?
11210012
What is -1